(n) = 365*n**2 + 10*n - 29. Is b(7) prime?
False
Let y = -283836 - -534455. Is y a prime number?
True
Suppose 5*q - l = 478090, -5*q + 2*l + 135291 = -342804. Is q a prime number?
True
Let f(q) = 617*q**3 - 9*q**2 - 26*q + 169. Is f(5) a prime number?
False
Suppose 37*b = -127 + 756. Suppose 9*j + 8072 = b*j. Is j prime?
True
Suppose 0 = 21*q + 40648 + 27203. Let f = -1018 - q. Is f a prime number?
True
Suppose 468 = -29*a - 7*a. Is a + (-1246)/(-98) + (-223122)/(-14) a composite number?
False
Suppose -3*q = 6, 2*v + 290 = 5*q - 184. Let t = -609 - v. Let x = 1002 + t. Is x composite?
True
Let i = 835288 + -548671. Is i a composite number?
True
Let c = -13 + 76. Suppose 0 = c*n - 40*n - 136919. Is n a prime number?
True
Is 54714 - -20*(-11)/(-44) prime?
False
Suppose 2*j = 4*q - 76035 + 444593, 5*q = 3*j - 552843. Is j a composite number?
False
Let o(t) = -181*t**3 + t + 1. Let m be o(-1). Let w(c) = 32 - m*c + 78*c - 6. Is w(-9) composite?
False
Let o = -4 - -4. Suppose -274*f = -288*f + 37940. Suppose 5*j + q - f = o, -j = -q + 5*q - 561. Is j a composite number?
False
Let i = 27171 - -5126. Is i composite?
False
Suppose -5 = 5*a + y + 4*y, 4*a - 3*y = 24. Suppose 0 = -4*v + 20, 27 = -a*p - v + 4*v. Is (1 + p)*((-1211 - 4) + 2) a composite number?
True
Let w(l) = 14*l - 4017. Let v be w(0). Let o = v + 8944. Is o prime?
False
Suppose 43*d = 17472795 + 6705890. Is d a composite number?
True
Suppose 2149150 = 10*r - 4*w, -2*r - 3*r + 5*w + 1074590 = 0. Is r a prime number?
True
Let q(i) = -55*i - 6. Let k(j) = j. Suppose 2*c - 5*b = 9, 2*c - 15 = -3*c + 5*b. Let h(w) = c*k(w) + q(w). Is h(-5) composite?
True
Let j = 85136 + -47647. Is j a composite number?
False
Suppose -3*i + 218 = -3*c - 91, -218 = -2*i - c. Suppose -113 = -g + 2*l, -g + 7*l + i = 3*l. Is g a prime number?
False
Let c = -12 - -14. Suppose c*f - 190 = -0*f. Is 71212/f - 3/5 prime?
False
Suppose -28*b + 90 = -18*b. Suppose 16926 = b*a + 5577. Is a prime?
False
Suppose -15*m + 5727817 = -3310988. Is m composite?
True
Suppose z - 123 + 127 = 0. Is (6 - 7)/(z/145276) a composite number?
False
Let l(a) be the second derivative of a**5/30 - a**4/24 - 7*a**3/6 - 13*a**2/2 + 4*a. Let g(w) be the first derivative of l(w). Is g(-12) a composite number?
False
Let m be 4*5/(-2)*4/(-10). Suppose -2*g - 885 = -m*j - 129, 0 = 2*j + 5*g - 402. Is j prime?
True
Suppose -3*r - 4*k + 16 = 0, 4*r + 2*k = 6 + 2. Suppose r*l - 5*u = -2*l + 4234, -2120 = -l + u. Is 1/(((-2)/(-1))/l) a composite number?
False
Let y(a) = 118525*a**2 + 15*a + 13. Let s be y(-2). Suppose -26807 - s = -26*m. Is m composite?
True
Suppose 14*i = 2*i + 180. Suppose -6*b = -i*b + 34227. Is b composite?
False
Suppose 0 = 2*c - 3*w - 16765 + 3963, 5*w - 25604 = -4*c. Is c prime?
False
Suppose 617*l - 609*l + 24 = 0. Let g(x) = -26*x**3 + 4*x**2 - 10*x - 11. Is g(l) a prime number?
True
Let l = 362185 + -165588. Is l prime?
True
Suppose -4*x - 5*d + 2806029 = 0, 8*d = 6*d - 6. Is x composite?
True
Suppose -j + 4 = 1. Suppose -j*t = -r - t, -2*t = r - 8. Suppose -r*p = -4*b + 1344, -2*b + 682 = p - 5*p. Is b composite?
False
Suppose -76*n - 57*n + 243523 = 0. Is n composite?
False
Suppose 0 = 19*x - 22*x + 9. Suppose -k + 5481 = 2*z + x*z, -5453 = -k + 2*z. Is k a composite number?
True
Is 2 + (-165732)/(-2) + 15 prime?
True
Suppose -9*x = -5*x + 25*x - 9367174. Is x a composite number?
True
Let s(i) = 996*i - 3035. Is s(25) prime?
False
Is (-1365698250)/(-950) + ((-24)/(-76))/(-3) prime?
True
Suppose -4*z = 12, 4*v - 379311 - 37610 = -z. Is v composite?
False
Suppose 7*y - 1931172 = g, -18*y + 13*y - 3*g + 1379390 = 0. Is y a composite number?
False
Let l(w) = 8*w**3 + w**2 + 14*w + 47. Is l(12) composite?
True
Let c = 85976 + -23897. Is c a prime number?
False
Suppose 33 + 3 = -3*x. Let t be (x/(-15))/(8/20). Suppose t*b - 7*b + 1595 = 0. Is b a composite number?
True
Let k(o) = -o + 2. Let n be k(-7). Suppose -6*v + 37245 = n*v. Is v a prime number?
False
Let x = -66 + 71. Let t(j) = -4 + 0 - 4 + 693*j. Is t(x) a composite number?
False
Let q be -1 + -3*(-1 - 2). Suppose -22194 = -3*z + 5*d, 0*d = -5*z - 3*d + 36990. Suppose z = q*y + 2750. Is y composite?
True
Suppose -h = -g - 0*g + 11, -5*g = -2*h - 46. Let r = g - -7. Suppose a = r + 704. Is a a composite number?
False
Let p(i) = 2*i**2 + 14*i - 4. Let r be p(-7). Let t = r - -8. Suppose t*v - 4*g - 197 = g, 0 = 3*v - g - 134. Is v prime?
True
Let i be 5488/(-6)*(-39)/26. Suppose x - 3*o = 1385, 2*x - i - 1430 = -2*o. Is x a composite number?
True
Is (-123594)/3*((-30)/(-12) - 5) prime?
False
Let h = -79 + 95. Suppose -4*q = h - 32. Suppose 2*z - 362 = q*v, -5*v - 158 = -5*z + 752. Is z composite?
True
Let g = 1129012 + 1695853. Is g a composite number?
True
Suppose 3*w = 6, -2*i + 71040 = 14*w - 11*w. Is i composite?
True
Suppose -3*a + a = -3*g - 5, -3*g - a - 2 = 0. Let w be (12/(1/g))/(19/(-57)). Suppose -3899 = 29*k - w*k. Is k a composite number?
False
Let x(k) be the first derivative of 46*k**3 - 8*k**2 + 109*k + 111. Is x(6) composite?
True
Let n = -1883816 + 3561253. Is n a composite number?
True
Suppose 18*w - 12*w = 71178. Suppose -137*m + 138*m = w. Is m prime?
True
Is (-2 + 48951/2)/((-23)/(-8694)*27) composite?
True
Suppose 3*s - 62910 = -3*n, -16*s + 17*s = -5*n + 104862. Is n a composite number?
True
Let b(d) be the first derivative of d**2/2 + 16*d - 5. Let g be b(-9). Is (g - -2)/(-3) - (4 - 928) a prime number?
False
Let u(h) = -h**3 + 11*h**2 + h - 9. Let v(s) = 2*s**2 + s - 4. Let l be v(-3). Let n be u(l). Suppose 434 = 2*g - n*i - 2*i, 3*i + 868 = 4*g. Is g composite?
True
Suppose -3*q + 16 - 16 = 0. Suppose q = -6*o + 2*o + 4. Is 437 + o + 2 + -1 a prime number?
True
Suppose -5*z = 2*t - t - 57555, 3*z = -t + 34535. Suppose -3*o + 0*o + 6906 = -4*d, 0 = 5*o - d - z. Is o/1*((-9)/(-6) - 1) a composite number?
False
Suppose 15*t - 26257 = 26*t. Let m = 552 - t. Is m a composite number?
False
Suppose -267876 = -3*u - 3*o, 0 = -5*u - o + 149325 + 297139. Is u composite?
False
Let m = -47 - -46. Let z be (m - -34)/(15/(-250)*-1). Let i = 921 - z. Is i prime?
False
Suppose 0 = -2*b - 8, 3*r = b + b + 8. Let l(x) be the third derivative of -x**5/60 + x**4/4 + 1087*x**3/6 + x**2. Is l(r) composite?
False
Let k(c) be the third derivative of -c**6/120 - c**5/12 - 7*c**4/6 - c**3/2 - 215*c**2. Is k(-8) prime?
False
Is ((-1)/4 - 59526250/(-5320)) + (-4)/(-38) a prime number?
False
Suppose -770623 = -57*h + 8*h. Is h composite?
False
Let f be (-666)/(-10) - (-16)/40. Let n = -62 + f. Suppose -d - 4839 = -5*a, 3*d + n + 7 = 0. Is a composite?
False
Suppose 5 = 5*n, 3*x + 0*n - 8 = -2*n. Is x + (6297 - (4 - 4)) composite?
False
Let q be (-64)/(-10) - (-2)/(-5). Suppose -2*l - q = -4*l. Suppose r + 4*v - 351 = 0, -l*r + 1785 = 2*r + 5*v. Is r composite?
False
Suppose -58*x - 7*x + 12274480 = 15*x. Is x prime?
False
Let t(b) = -1512*b + 305. Let k be t(-9). Let w = -3174 + k. Is w prime?
True
Let n(i) = -5*i + 25. Suppose 29*s = 31*s - 10. Let h be n(s). Suppose -2*j + 3*r + 192 = 47, h = -3*j + 4*r + 218. Is j composite?
True
Suppose -5*n - 2*i + 20 = 0, i - 3 - 2 = 0. Is ((-14536)/(-16))/(1/n) composite?
True
Suppose 59 - 19 = 10*o. Let q be (-1)/o + (-180)/(-16). Suppose 8*j = q*j - 12. Is j a prime number?
False
Let z be (-1 - 1 - (-8)/6)*-3. Suppose -f = 5*s - 3*f - 1457, -3*s = z*f - 887. Is s composite?
False
Suppose 3*u - z - 113067 = 0, 42*u - 47*u + 188485 = 5*z. Is u a composite number?
False
Let r(w) = 60*w + 27. Let v(k) = -30*k - 14. Let b = 50 + -53. Let j(q) = b*r(q) - 7*v(q). Is j(5) composite?
False
Let o(m) = 6*m + 4580. Let j be o(0). Suppose 0 = 12*h - 16*h + j. Is h a prime number?
False
Suppose -51*z - 945767 = -54*z - 5*j, -4*z + 5*j + 1261011 = 0. Is z composite?
True
Suppose -m + 3*h + 220258 = 87066, -5*m - 2*h = -666079. Is m a composite number?
False
Let z be (19/3)/(3*(-4)/(-36)). Let l be (31 - z)*44/(-6). Is 9/(-1 + 4) - l prime?
False
Suppose 5323 = 49*w - 1292. Suppose 143*k = w*k + 14576. Is k a composite number?
True
Let g(j) = -8852*j + 24. Let a(p) = -8855*p + 22. Let m(b) = -5*a(b) + 6*g(b). Is m(-5) a prime number?
False
Let a(j) be the third derivative of -25*j**4/4 + 27*j**3/2 - j**2 - 9. Is a(-17) composite?
True
Sup